
-7
Let z(g) = -g**3 + 5*g**2. Let q be z(5). Let k(y) = y**3 + 5*y**2 + 0*y**3 - 3 + q. Let l be ((-15)/(-12))/((-2)/8). Give k(l).
-3
Let z be (6/(-4))/((-3)/(-6)). Let r(i) = -i. Let q be r(z). Let m(a) = -2 - a**2 + 4 - q*a + 1. What is m(-4)?
-1
Let i(l) = -l + 1. Let d(y) = -y - 16. Let h(t) = 1. Let c(a) = -d(a) - 5*h(a). Let g be c(-10). Give i(g).
0
Let h(z) = 1 + 11 + z - 12. Determine h(-1).
-1
Let q(k) be the first derivative of -5*k**2/2 + 7*k + 3. Let r(b) = -3*b + 4. Let s(o) = -4*q(o) + 7*r(o). Determine s(2).
-2
Let j(l) = 2*l**2 + 2*l - 2. Let d = 6 - 8. Let y be j(d). Suppose 4*g - 3*g - y = 0. Let p(v) = v**3 - 2*v**2 - 2. Calculate p(g).
-2
Let n(c) = -c - 3. Let h be n(-5). Suppose -4*z = v + 2, v + h*v = 4*z - 6. Let k(b) = -2*b**3 - 3*b**2 - b. Calculate k(v).
6
Let j = -100 + 100. Let u(o) be the third derivative of j*o - 5/6*o**3 + 0 - 1/60*o**5 - 3*o**2 + 1/4*o**4. Determine u(5).
0
Let c = -6 - -8. Suppose -j - 3*j - c*y = -22, 12 = 4*y. Let v(u) be the second derivative of u**4/12 - u**3/3 - 2*u**2 + u. Give v(j).
4
Suppose -2*g = g. Suppose 0 = 2*t - 0*t. Let l(d) = t*d + 1 + 3 - d**2 - 2 - d. What is l(g)?
2
Suppose -a + 5*a + 5 = 5*o, -4*a + 1 = o. Let v be o/(-1 + 8/6). Let j(k) = -k - 2. Give j(v).
-5
Let a(p) be the second derivative of -p**4/12 + 5*p**3/6 + p**2/2 + 25*p. Let q = -6 + 12. Give a(q).
-5
Let c be (9/(-6))/((-3)/(-6)). Let y(i) = 2*i + 6. Let r(h) = 1. Let k(o) = c*r(o) - y(o). Give k(-6).
3
Suppose 6*p = 36 - 0. Let m(b) be the third derivative of -b**4/24 + 7*b**3/6 - b**2. Give m(p).
1
Suppose -2*o = -3*r + 8, 4*r + 3*o = 2*r + 1. Let d(b) be the first derivative of -b**4/2 + 2*b**3/3 + 3. Calculate d(r).
-8
Let l(w) = w**3 - 4*w**2 + 4*w - 3. Suppose -3*f = -4*f + 2. Suppose 2*r + f*r - 24 = 0. Let d = r - 4. Determine l(d).
-3
Let f be 5*(-7 - -8)*(-2)/(-2). Let c(m) be the third derivative of 0*m + 0*m**3 + 1/30*m**f - 1/24*m**4 + 0 + 1/20*m**6 - 2*m**2. What is c(1)?
7
Let z(a) = a**2 + 11*a + 14. Let x be z(-10). Let k(t) = 2*t**2 - 1 - 4 - t**2 + 7*t - x*t. What is k(-5)?
5
Let d(q) = -2. Let s(h) = -1. Let j(l) = 3*d(l) - 5*s(l). Let z(u) = -5 - 3 - u**2 - 5 - 7*u. Let y(g) = 6*j(g) - z(g). What is y(-6)?
1
Let h(v) = -v**3 + 3*v**2 - 6*v - 1. Let p(d) = 3*d**3 - 7*d**2 + 13*d + 1. Let k(g) = 5*h(g) + 2*p(g). What is k(-3)?
-9
Suppose -5*k - 35 = -5*l, -3*k + 0*k - 3*l = 27. Let s(f) = f - 1. Determine s(k).
-9
Suppose 4*k = 8, -h - k = -6*h + 168. Let l = h - 15. Suppose -l = -b + 3*d - 2, -4*b = 5*d + 17. Let u(o) = o**3 - 2*o + 1. What is u(b)?
5
Let r(c) = c**3 - 4*c - 3. Let q(o) = -5*o**3 - o**2 - o. Let p be q(-1). Let n be ((-2)/p)/((-1)/(-5)). Give r(n).
-3
Let z be (-26)/8 - 4/(-16). Let r(b) = b - 4. Let g(i) = 1. Let p(w) = -g(w) - r(w). Give p(z).
6
Let g(d) = d**2 - 11*d - 12. Let f(q) = -5*q**2 + 45*q + 49. Let y(n) = -2*f(n) - 9*g(n). Give y(-7).
-4
Let r(o) = 4*o**2 + 5*o - 11. Let q(v) = v**2 + v - 2. Let i(k) = 11*q(k) - 2*r(k). Calculate i(1).
4
Let i = -67 - -72. Let o(v) = v**2 - 6*v - 1. Give o(i).
-6
Let f(z) = -z**3 - 4*z**2 + 1. Let m(w) = 6*w**3 + 20*w**2 + w - 6. Let d(s) = -11*f(s) - 2*m(s). Determine d(3).
4
Let k(t) = 2*t + 9. Let r be k(-7). Let q be (-2)/5 - 22/r. Let c(p) = -p**2 + p + 5. What is c(q)?
-7
Let s(w) be the third derivative of -w**5/30 - w**4/24 - 10*w**2. Calculate s(-2).
-6
Let u(r) = -r**3 - 7*r**2 + 8*r - 6. Let i be 12 + -10 - (-1)/(2/(-20)). What is u(i)?
-6
Let k be 3 + 3/(-1) + 0. Suppose -w - 5*m = k, 4*m + 3 + 8 = -3*w. Let a(y) = -y**3 - 4*y**2 + 5*y + 7. What is a(w)?
7
Let p(a) = 3*a**2 + 8*a - 3. Let z(q) = -2*q**2 - 4*q + 2. Let u(h) = 3*p(h) + 5*z(h). What is u(3)?
4
Let z(o) = -o**2 + 5*o - 6. Let f be 6/(-9)*(-6)/2. Suppose 2*x = -2*l - f*l + 12, 4*x - 2 = 3*l. Let r be -1*(l/(-2) - 3). Calculate z(r).
-2
Suppose 0 = -5*a - 0*a - 20. Let l(y) = y**2 + 6*y + 3. Calculate l(a).
-5
Let l = 9 + -5. Let u(z) = -7*z - 2. Let f(w) = w. Let t(p) = -6*f(p) - u(p). What is t(l)?
6
Let a(q) = 11*q. Let c(s) = -s + 1. Let x(i) = a(i) - c(i). Give x(-2).
-25
Suppose -8 = -3*u + 37. Suppose 2*k + 5*v + 10 = -u, 25 = k - 5*v. Let m(z) = z**2 - 2*z - 3. Let h(n) = n. Let s(c) = -3*h(c) - m(c). Give s(k).
3
Let c(j) = 2*j**3 - 2*j + 1. Suppose -b + 22 = 5*y, -3*b - 2*b - 5*y = -30. Suppose -25 = b*v + 41. Let s be (-27)/v + (-4)/(-22). What is c(s)?
1
Let r(p) be the second derivative of -p**4/6 - p**3/3 + p. Let m = -1 + -1. What is r(m)?
-4
Let y(w) = 10*w - 1. Let r be (10/(-3))/((-4)/6). Let b be 4/(-6) + (-8)/(-3). Suppose 5*q + 3*u + r = 1, b*u = q - 7. Determine y(q).
9
Let s(t) = 2*t + 1. Let w = -6 + 7. Let h be (w + -3 + 1)*-1. Calculate s(h).
3
Let p(b) = -2*b. Let r = -13 - -16. Suppose 20 = -5*i + r*c, 4*i - c + 2*c = -16. Give p(i).
8
Let y(u) = 5*u**2 - u - 3. Let l(k) = k**3 + k + 1. Let g(o) = -l(o) + y(o). Suppose -2*i + 0*i = 4*p - 16, -p = -i - 1. What is g(p)?
8
Let i(x) = 2*x**2 + 2*x - 1. Let m be 4/8*(-2 - 0). Let o(d) = d. Let u(l) = m*i(l) + 2*o(l). Suppose -2*s + 4*s + 2 = 0. Determine u(s).
-1
Let v(c) = 3*c**3 + 2*c**2. Let q = -38 + 36. Give v(q).
-16
Let u(c) = 2*c**3 - 2*c**2 - 3*c + 9. Let n(y) = y**3 + y**2 - y + 1. Let d(j) = 3*n(j) - u(j). What is d(-5)?
-6
Let q(v) be the second derivative of -v**6/60 + v**5/120 - v**4/24 + v**3/2 + 10*v. Let k(n) be the second derivative of q(n). Calculate k(1).
-6
Suppose 2*u - 5 = 5*u - 5*a, 2*u + a = 1. Suppose -42 = -u*s + s. Let d be (-24)/14*s/12. Let l(y) = y - 8. Determine l(d).
-2
Let o(x) = -x - 2. Let r(w) = -2*w**2 - w - 1. Let c be r(-2). Let v be (-1)/3 + c/(-3). Let h be 2/v*(1 - -3). Calculate o(h).
-6
Let u(m) = -m - 19. Let g(x) = 2*x + 29. Let o(c) = 5*g(c) + 8*u(c). Determine o(5).
3
Let o be ((-5)/(-2))/(-5) + 27/18. Let k = -9 + 4. Let c(b) = 2*b. Let q(f) = -f. Let z(r) = k*q(r) - 4*c(r). Calculate z(o).
-3
Let g(n) = n + 22. Let u(r) = -r - 15. Let q(i) = -5*g(i) - 8*u(i). Determine q(-7).
-11
Let a(i) be the third derivative of 0*i + 2*i**2 + 0 + 1/6*i**4 - 1/6*i**3. Let l(m) = -m**2 + 9*m + 1. Let r be l(9). Determine a(r).
3
Let w(r) be the third derivative of -r**4/8 + r**3/6 - 2*r**2. Let o(f) = -f + 9. Let u be o(7). Give w(u).
-5
Let q(d) be the third derivative of -d**5/20 - d**4/12 - 7*d**2. Determine q(-2).
-8
Let c(y) = y**2 - y - 3. Let p be 21/6*20/14. Give c(p).
17
Let w(t) be the third derivative of t**6/120 + t**5/15 - t**4/4 - 2*t**3/3 + 3*t**2. What is w(-5)?
1
Let u(p) = 18 - 10 - p - p**2 - 4*p. Give u(-6).
2
Let r(k) = 3*k**2 + 8*k + 2. Let g(s) = -2*s**2 - 5*s - 1. Let o be 3/((-3)/(-5)) - 0. Let v(y) = o*r(y) + 8*g(y). Determine v(-2).
-2
Let g(n) = 2*n**2 - 3*n + 3. Let h = -16 - -19. Suppose -t - 4*m = -18, -2*m = -h*t + 1 - 3. Calculate g(t).
5
Let l(d) = -d**2 - 6*d - 6. Let g be (-66)/14 - 14/49. Determine l(g).
-1
Suppose -x = -2*x + 2. Let v(k) = 3*k**3 + 3 - 2*k**3 - x - 4*k + 3*k**2. Calculate v(-4).
1
Let a(v) = -v**3 - 4*v**2 + 5. Let n be -3*(3/9 + 1). What is a(n)?
5
Let g(d) = -4*d**3 + 2*d - 1. Suppose 0 = 3*s + 6. Let y be -5*((-12)/(-15))/s. Suppose 0 = y*j - 0*j - 2. Determine g(j).
-3
Let b be 11/(-9) - (-2)/9. Let j(x) = x**3 - x**2 + x. Let h(o) = -3*o**3 - 2*o + 1. Let t(n) = h(n) + 2*j(n). What is t(b)?
0
Let b(u) = u + 1. Let n = -8 + 10. Let l be (-1)/((n/(-8))/1). Calculate b(l).
5
Let q = 12 - 7. Let j(k) = -k**2 + 4*k + 3. Give j(q).
-2
Let u = -25 - -18. Let r = u + 9. Let a(f) = -3*f + 5 - 6*f + r*f + f**2. Give a(4).
-7
Suppose -5*g - 12 = -t, 21 = 2*g - 4*g - 5*t. Let m(v) = -v**2 + 2*v + 3. Give m(g).
-12
Let t(d) = -2 + 0*d + 3*d**2 + 4*d - 2*d. Let w = 0 - -3. Suppose -2*c - 10 = w*c. Calculate t(c).
6
Let o(t) = -15*t + 9. Let y(v) = 7*v - 4. Let f(c) = 3*o(c) + 7*y(c). Let s = 10 - 12. Give f(s).
-9
Suppose 2*m + 8 = -0. Let o(h) = -h**2 + 7*h - 1. Let g(q) = 3*q**2 - 16*q + 2. Let u(d) = -2*g(d) - 5*o(d). Determine u(m).
-3
Let g(w) = w**3 + 7*w**2 + 8*w + 8. Let f(p) = 3*p - 5. Let u be f(4). Let k = 1 - u. Let b be g(k). Let y(t) = t**2 + 3*t - 4. What is y(b)?
0
Let h(l) = 7*l - 25. Let c(n) = -3*n + 12. Let o(x) = 5*c(x) + 2*h(x). Suppose 5 = g - 5*m, 4*g = -5*m - 2 - 3. Give o(g).
10
Let k = -6 - -1. Let v(u) = -u**2 + u**2 - 3*u + u**2 + 6*u + 3 + 3*u. What is v(k)?
-2
Le